-2*s. What are the prime factors of (-1 - 1) + s/(-1)?
2, 3
Suppose 10891 = 4*r + l, -497 = -r - 5*l + 2221. What are the prime factors of r?
7, 389
Suppose -10*d - 4 = -11*d. Suppose -5*t + f + 2 - 7 = 0, -d*t + 3*f - 4 = 0. What are the prime factors of 57 - t/(3/(-9))?
2, 3
Suppose 2*h - 210 = -h. Suppose -5*g + 110 = -5*a - h, g + 2*a = 39. List the prime factors of g.
37
Let a(v) = 10*v - 57. Let s(f) = 7*f - 38. Let i(t) = -5*a(t) + 7*s(t). Let m be i(0). List the prime factors of m + 6 + 0 + 0.
5
Let l(c) = c + 42. Let o be l(0). Suppose -2*v + 105 = 3*v + 5*m, -o = -2*v + m. What are the prime factors of (28/v)/(2/60)?
2, 5
Let f(o) = o**3 - 7*o**2 + 11*o - 4. Let y be (-3)/(((-36)/(-8))/(2*-6)). What are the prime factors of f(y)?
2, 37
Suppose -2*z + 75 - 22 = 3*n, -4*n - 3*z + 72 = 0. Suppose 10*h - n*h + 505 = 0. Suppose -3*p = k - 152, -5*k + 9 = 2*p - h. List the prime factors of p.
2, 5
Let z be 5/25 - (-38)/10. Let x(y) = y + 1. What are the prime factors of x(z)?
5
Let d(m) = 3*m - 2. Let y be d(2). Suppose 5*n + 2*q - 275 - 300 = 0, 0 = -y*q + 20. What are the prime factors of n?
113
What are the prime factors of 64/(-480) + (-10202)/(-15)?
2, 5, 17
Let y be (-2)/(-9) + (-22176)/(-81). Suppose -4*z + y = 78. What are the prime factors of z?
7
Suppose -2*l + 30 = -582. List the prime factors of l.
2, 3, 17
Let v(h) = -h**3 - 7*h**2 + 10*h + 19. Let d be v(-8). Suppose s = -2*t + 6*t - 1063, 5*t = d*s + 1327. List the prime factors of t.
2, 7, 19
What are the prime factors of (30/(-60))/(2*3/(-84))?
7
Suppose -16 = -2*z + 3*b, -b - 14 = -7*z + 2*z. Let l(c) = -c**3 + 5*c**2 - 16. Let i be l(4). Suppose i*f + 26 = z*f. List the prime factors of f.
13
Let n be (-132)/(-55) + 6/10. Suppose -n*y + 52 = -8. What are the prime factors of ((-12)/(-8))/(2/y)?
3, 5
Suppose 5*i + 5*i = 700. List the prime factors of i/(9/12*1/3).
2, 5, 7
Let p(u) = u**3 - 18*u**2 + 18*u + 6. Suppose 85 = 8*a - 3*a + 2*v, a - 4*v - 17 = 0. What are the prime factors of p(a)?
23
Let t(j) = j**2 - 3*j + 3. Let i be t(0). Suppose 3*g - 588 = -i*g. What are the prime factors of g?
2, 7
Suppose -o = -5 + 3. Suppose -r = 0, -3*w - 75 = o*w + 4*r. Let m = -12 - w. List the prime factors of m.
3
Let x be 4/3 - 165/(-45). Let g be (-1)/x - 2/(-10). Suppose i + 63 = 2*i - 2*w, g = 5*i - 5*w - 310. What are the prime factors of i?
61
Let o = -171 + 1604. List the prime factors of o.
1433
Suppose -21058 = -21*b + 4226. What are the prime factors of b?
2, 7, 43
Suppose 3*k - 15 = 33. What are the prime factors of ((-103)/4)/(k/(-64))?
103
Let l be -50 + 2 + 2 + -6. Let g = l - -74. What are the prime factors of g?
2, 11
Let b = 22 - 25. What are the prime factors of 105/(-7)*11/b?
5, 11
Let m be (-171)/(-27) + (-2)/6. Suppose 0 = 5*q - m*v + 2*v - 135, -2*q + 61 = -3*v. Suppose -w - 3*a = -q, 5*a = w - 0 + 1. List the prime factors of w.
2, 7
Suppose 5*x + 892 = v, -7*x + 3*v = -2*x + 886. Let z = 1166 + -1169. List the prime factors of (x - 4)/(9/z).
61
Let a(z) = z - 600. Let p be a(0). Let i be (1 - 2)/(8/p). Suppose -2*y + 5*y = i. What are the prime factors of y?
5
Suppose 0*v = -v + 20. Let m = -1 - v. Let c = m - -49. List the prime factors of c.
2, 7
Let i(p) = p**3 - 19*p**2 - 11*p + 48. What are the prime factors of i(22)?
2, 17, 37
Let c be ((-48)/(-18))/(-8)*3. What are the prime factors of ((-4683)/105)/(c/5)?
223
Let p(f) = 2*f**2 + f - 16. What are the prime factors of p(-5)?
29
Let z(v) = -2*v. Let r(h) = -h. Let w(g) = -7*r(g) + 4*z(g). Let l be w(-2). Suppose l*a + 0*a - 36 = 0. List the prime factors of a.
2, 3
Suppose -14 = -4*j + 3*j. Suppose 11*h = j*h + 27. Let f = h - -13. What are the prime factors of f?
2
Suppose -3*c + 3*k + 30 = 0, -3*c = k - 9 - 1. Suppose -c*s = -6*s + 108. List the prime factors of s.
2, 3
Let y = 125 + -67. Suppose 0 = -z + 3*z + 44. Let g = y + z. List the prime factors of g.
2, 3
Suppose -503*a + 505*a = 328. List the prime factors of a.
2, 41
Let v = -3853 - -7111. List the prime factors of v.
2, 3, 181
Let u(p) = 2*p**3 - 3*p**2 - 6*p + 7. What are the prime factors of u(3)?
2
Let s(w) be the second derivative of w**4/12 - w**3/2 - 5*w**2/2 - 2*w. Let d be s(5). What are the prime factors of 3/d + (-696)/(-15)?
47
Suppose 5*s + 0*s - 130 = -2*w, -4*w = 3*s - 64. List the prime factors of 1068/s + 3/(-21).
2, 19
List the prime factors of 4/(62256/15558 - 4).
2593
Let v = -36 - -29. List the prime factors of 644/v*(30/(-4))/5.
2, 3, 23
Let n = -10 - -17. Suppose n*f = 6*f + 5. What are the prime factors of 3 - f/((-20)/56)?
17
Suppose 3*q = -5*w + 621, -q + 5*q + w = 811. List the prime factors of q.
2, 101
Let j(s) = s**2 + 19*s - 16. List the prime factors of j(17).
2, 149
Suppose -27 = 5*v - 42. Suppose -4*j + 96 = -v*z + 6, -2*z - 4*j = 60. List the prime factors of (-12)/z - 924/(-15).
2, 31
Let n(l) = 10*l - 7. Let t be n(-2). Let i = t - -27. Suppose -f + 19 = -i*f. What are the prime factors of f?
19
Let h(m) = -2*m**2 + 4*m. Let f = -6 - -9. Let n be h(f). What are the prime factors of n*(5/(-2) + 0)?
3, 5
Let r be -1 + 0 + (-11 - -14). Let l be 39/r*2/(-3). Let x = l - -21. What are the prime factors of x?
2
Suppose -203 = -9*t + 1039. List the prime factors of t.
2, 3, 23
Suppose 0 = -d + 3*d. Let l(a) = 9 - 11 + 4*a - a**3 + d*a - 7*a**2. What are the prime factors of l(-8)?
2, 3, 5
Let v(b) = 28*b. Let i be v(3). Suppose 0 = -3*q - j + 142, -q = q - 2*j - i. Suppose 4*m - 87 = -t, -4*t + 2*t - q = -2*m. List the prime factors of m.
2, 11
Let c = 64 - 58. What are the prime factors of c?
2, 3
Suppose -105 = -3*k - 2*k. Let n = k - 10. Suppose 10 = 12*s - n*s. List the prime factors of s.
2, 5
Let i be (-3)/(-2 - 20/(-8)). List the prime factors of ((-11)/2)/(i/72).
2, 3, 11
Let l = -456 + 1040. List the prime factors of l.
2, 73
Suppose -2*y + 3586 = 4*s, 0 = -3*s - y + 1812 + 880. List the prime factors of s.
29, 31
Let g = 445 + -165. List the prime factors of g.
2, 5, 7
Suppose 2*r + 3*t = 3*r - 197, r = 4*t + 194. Let a = -122 + r. What are the prime factors of a?
2, 3, 7
Suppose -6*o + 8799 = 891. What are the prime factors of o?
2, 659
Let r(u) = 4*u + 69. What are the prime factors of r(-14)?
13
Let j(m) = 23*m**3 + 4*m**2 + 6*m - 35. What are the prime factors of j(5)?
2, 3, 5, 11
Let f(x) = 3*x**2 + 39*x + 54. List the prime factors of f(-29).
2, 3, 241
Suppose -5*l = -2*l - 9. Suppose -3*g + a + 196 = -a, -l*a = -2*g + 134. List the prime factors of g.
2
Let r = 61 + 933. List the prime factors of r.
2, 7, 71
Let o(u) = -10*u + 31. Let c be o(24). Let w = 431 + c. What are the prime factors of w?
2, 3, 37
Suppose 0 = -q + c - 44, -4*c - 20 - 9 = q. Let y(a) = -4*a**3 - 2*a**2 + 4. Let z be y(-3). Let l = z + q. What are the prime factors of l?
53
Let d be (-2 + 7/2)*(-300)/(-9). Let w = d + 91. List the prime factors of w.
3, 47
List the prime factors of 25 + -28 - (2 - 239)*11.
2, 3, 7, 31
Let n = 17 + -50. What are the prime factors of 3/n*-955 + (-24)/(-132)?
3, 29
Suppose -r + 33 = -w, r + 4*r - 147 = -w. Suppose 9 - r = -s. List the prime factors of s.
3, 7
Let g(m) = 45*m**2 - 6*m + 17. What are the prime factors of g(2)?
5, 37
Let i = -284 + 674. Suppose i = q + 5*q. List the prime factors of q.
5, 13
Suppose 172454 = -30*k + 76*k. What are the prime factors of k?
23, 163
Let u(p) = 19*p + 74. What are the prime factors of u(22)?
2, 3, 41
Suppose 3*y - 27 - 15 = 0. Suppose -7*w + 6*w = -y. List the prime factors of w.
2, 7
Let f be ((-6)/(-27) - (-10)/(-45))/1. Suppose f = 14*r - 9*r - 265. List the prime factors of r.
53
Let z(q) = q**3 + 8*q**2 + 8*q + 8. Let g be z(-7). Let h = g + 1. What are the prime factors of (h/(-2))/(4/(-44))?
11
Let o be (-28)/(-3) - 28/21. Suppose 0 = -h - o + 48. What are the prime factors of h?
2, 5
Suppose -12*m = 9*m - 6237. List the prime factors of m.
3, 11
Let x(g) = -2*g - 5*g + 3 + 4*g. Let l be (-42)/(-9)*24/(-16). List the prime factors of x(l).
2, 3
Suppose -3*p = -2*d + 86, -13 - 17 = -d - 5*p. Suppose d + 140 = 2*w. List the prime factors of w.
2, 3, 5
Let j be ((-8)/(-12))/(5/60). Let o(v) = 9*v - 26. What are the prime factors of o(j)?
2, 23
Let t(k) = -k. Let w be (-4)/16 - (-50)/8. Let v be t(w). What are the prime factors of ((-33)/(-6))